{"id":54,"date":"2011-04-07T14:32:30","date_gmt":"2011-04-07T13:32:30","guid":{"rendered":"http:\/\/www.kureeri.fi\/WordPress1\/?page_id=54"},"modified":"2020-01-08T17:07:24","modified_gmt":"2020-01-08T16:07:24","slug":"elaimet","status":"publish","type":"page","link":"http:\/\/www.kureeri.fi\/WordPress1\/?page_id=54","title":{"rendered":"El\u00e4imet"},"content":{"rendered":"<h2 style=\"text-align: center;\"><span style=\"color: #800000;\">EL\u00c4IMET \u2013 muistipeli\u00a0\u00a0\u00a0\u00a0\u00a0<\/span><\/h2>\n<p>EL\u00c4IMET-muistipeliss\u00e4 on 28 erilaista (56 yhteens\u00e4) el\u00e4inkuvaa. Kauniisiin py\u00f6reisiin kortteihin on kuvattu el\u00e4imi\u00e4 maapallon eri kolkilta. Mukana ovat mm. leijona, tiikeri, tunturip\u00f6ll\u00f6 riikinkukko, puupython ja monia muita el\u00e4imi\u00e4. Korteissa on kuvien lis\u00e4ksi lajinimet. Peliss\u00e4 tarvitaan hyv\u00e4\u00e4 muistia ja el\u00e4inten tunteminen saattaa olla avuksi. Peli soveltuu aihepiirins\u00e4 ansiosta erinomaisesti koko perheen peliksi.<\/p>\n<p style=\"text-align: center;\"><a href=\"http:\/\/www.kureeri.fi\/WordPress1\/wp-content\/uploads\/2011\/04\/elaimet_kuvat.jpg\"><img loading=\"lazy\" class=\"size-full wp-image-67 aligncenter\" title=\"elaimet_kuvat\" src=\"http:\/\/www.kureeri.fi\/WordPress1\/wp-content\/uploads\/2011\/04\/elaimet_kuvat.jpg\" alt=\"\" width=\"200\" height=\"282\" \/><\/a><\/p>\n<p>El\u00e4imet-muistipeli<\/p>\n<p><a href=\"http:\/\/www.kureeri.fi\/WordPress1\/wp-content\/uploads\/2011\/04\/tuotemerkinnat_elaimet.jpg\"><img loading=\"lazy\" class=\"alignnone size-full wp-image-71\" title=\"tuotemerkinnat_elaimet\" src=\"http:\/\/www.kureeri.fi\/WordPress1\/wp-content\/uploads\/2011\/04\/tuotemerkinnat_elaimet.jpg\" alt=\"\" width=\"500\" height=\"171\" srcset=\"http:\/\/www.kureeri.fi\/WordPress1\/wp-content\/uploads\/2011\/04\/tuotemerkinnat_elaimet.jpg 500w, http:\/\/www.kureeri.fi\/WordPress1\/wp-content\/uploads\/2011\/04\/tuotemerkinnat_elaimet-300x102.jpg 300w\" sizes=\"(max-width: 500px) 100vw, 500px\" \/><\/a><\/p>\n","protected":false},"excerpt":{"rendered":"<p>EL\u00c4IMET \u2013 muistipeli\u00a0\u00a0\u00a0\u00a0\u00a0 EL\u00c4IMET-muistipeliss\u00e4 on 28 erilaista (56 yhteens\u00e4) el\u00e4inkuvaa. Kauniisiin py\u00f6reisiin kortteihin on kuvattu el\u00e4imi\u00e4 maapallon eri kolkilta. Mukana ovat mm. leijona, tiikeri, tunturip\u00f6ll\u00f6 riikinkukko, puupython ja monia muita el\u00e4imi\u00e4. Korteissa on kuvien lis\u00e4ksi lajinimet. Peliss\u00e4 tarvitaan hyv\u00e4\u00e4 muistia &hellip; <a href=\"http:\/\/www.kureeri.fi\/WordPress1\/?page_id=54\">Lue loppuun <span class=\"meta-nav\">&rarr;<\/span><\/a><\/p>\n","protected":false},"author":1,"featured_media":0,"parent":20,"menu_order":0,"comment_status":"closed","ping_status":"open","template":"","meta":[],"_links":{"self":[{"href":"http:\/\/www.kureeri.fi\/WordPress1\/index.php?rest_route=\/wp\/v2\/pages\/54"}],"collection":[{"href":"http:\/\/www.kureeri.fi\/WordPress1\/index.php?rest_route=\/wp\/v2\/pages"}],"about":[{"href":"http:\/\/www.kureeri.fi\/WordPress1\/index.php?rest_route=\/wp\/v2\/types\/page"}],"author":[{"embeddable":true,"href":"http:\/\/www.kureeri.fi\/WordPress1\/index.php?rest_route=\/wp\/v2\/users\/1"}],"replies":[{"embeddable":true,"href":"http:\/\/www.kureeri.fi\/WordPress1\/index.php?rest_route=%2Fwp%2Fv2%2Fcomments&post=54"}],"version-history":[{"count":9,"href":"http:\/\/www.kureeri.fi\/WordPress1\/index.php?rest_route=\/wp\/v2\/pages\/54\/revisions"}],"predecessor-version":[{"id":533,"href":"http:\/\/www.kureeri.fi\/WordPress1\/index.php?rest_route=\/wp\/v2\/pages\/54\/revisions\/533"}],"up":[{"embeddable":true,"href":"http:\/\/www.kureeri.fi\/WordPress1\/index.php?rest_route=\/wp\/v2\/pages\/20"}],"wp:attachment":[{"href":"http:\/\/www.kureeri.fi\/WordPress1\/index.php?rest_route=%2Fwp%2Fv2%2Fmedia&parent=54"}],"curies":[{"name":"wp","href":"https:\/\/api.w.org\/{rel}","templated":true}]}}