{"id":38,"date":"2011-04-07T12:55:51","date_gmt":"2011-04-07T11:55:51","guid":{"rendered":"http:\/\/www.kureeri.fi\/WordPress1\/?page_id=38"},"modified":"2011-04-12T12:36:41","modified_gmt":"2011-04-12T11:36:41","slug":"ocean-race","status":"publish","type":"page","link":"http:\/\/www.kureeri.fi\/WordPress1\/?page_id=38","title":{"rendered":"Ocean Race"},"content":{"rendered":"<p>OCEAN RACE -PURJEHDUSKILPAILU VALTAMERILL\u00c4<\/p>\n<p>Ocean Race -lautapelin esikuvana on kuuluisa kilpapurjeveneiden maailmanymp\u00e4ripurjehduskilpailu. Peliss\u00e4 kierret\u00e4\u00e4n kuusi etappisatamaa ja pyrit\u00e4\u00e4n ensimm\u00e4isen\u00e4 maaliin. Peli vaatii taktista silm\u00e4\u00e4 ja hyv\u00e4\u00e4 tilannetajua ja saattaa olla liian vaativa aivan perheen pienimmille. S\u00e4\u00e4nn\u00f6t on toisaalta helppo oppia.<\/p>\n<p>Ik\u00e4suositus: 8+ vuotta<br \/>\nPelin kesto: 40-60 minuuttia<br \/>\nPelaajien m\u00e4\u00e4r\u00e4: 2-8 henkil\u00f6\u00e4<\/p>\n<p>Pakkaus sis\u00e4lt\u00e4\u00e4<\/p>\n<p>\u2022Ocean Race -pelilaudan<br \/>\n\u20228 venenappulaa + 2 myrskymerkki\u00e4<br \/>\n\u20228 venekuntakorttia, 8 s\u00e4\u00e4ennustekorttia, 8 myrskykorttia ja 60 pistekorttia<br \/>\n\u2022peliohjeet<\/p>\n<p>Tiedustelut ja tilaukset <a href=\"mailto:info@kureeri.fi\">info@kureeri.fi<\/a><\/p>\n<p>Suositushinta 32\u20ac<\/p>\n<div id=\"attachment_39\" style=\"width: 365px\" class=\"wp-caption alignnone\"><a href=\"http:\/\/www.kureeri.fi\/WordPress1\/wp-content\/uploads\/2011\/04\/Oceanracekansi.jpg\"><img aria-describedby=\"caption-attachment-39\" loading=\"lazy\" class=\"size-full wp-image-39\" title=\"Oceanracekansi\" src=\"http:\/\/www.kureeri.fi\/WordPress1\/wp-content\/uploads\/2011\/04\/Oceanracekansi.jpg\" alt=\"\" width=\"355\" height=\"500\" srcset=\"http:\/\/www.kureeri.fi\/WordPress1\/wp-content\/uploads\/2011\/04\/Oceanracekansi.jpg 355w, http:\/\/www.kureeri.fi\/WordPress1\/wp-content\/uploads\/2011\/04\/Oceanracekansi-213x300.jpg 213w\" sizes=\"(max-width: 355px) 100vw, 355px\" \/><\/a><p id=\"caption-attachment-39\" class=\"wp-caption-text\">Ocean Race <\/p><\/div>\n","protected":false},"excerpt":{"rendered":"<p>OCEAN RACE -PURJEHDUSKILPAILU VALTAMERILL\u00c4 Ocean Race -lautapelin esikuvana on kuuluisa kilpapurjeveneiden maailmanymp\u00e4ripurjehduskilpailu. Peliss\u00e4 kierret\u00e4\u00e4n kuusi etappisatamaa ja pyrit\u00e4\u00e4n ensimm\u00e4isen\u00e4 maaliin. Peli vaatii taktista silm\u00e4\u00e4 ja hyv\u00e4\u00e4 tilannetajua ja saattaa olla liian vaativa aivan perheen pienimmille. S\u00e4\u00e4nn\u00f6t on toisaalta helppo oppia. &hellip; <a href=\"http:\/\/www.kureeri.fi\/WordPress1\/?page_id=38\">Lue loppuun <span class=\"meta-nav\">&rarr;<\/span><\/a><\/p>\n","protected":false},"author":1,"featured_media":0,"parent":18,"menu_order":0,"comment_status":"closed","ping_status":"open","template":"","meta":[],"_links":{"self":[{"href":"http:\/\/www.kureeri.fi\/WordPress1\/index.php?rest_route=\/wp\/v2\/pages\/38"}],"collection":[{"href":"http:\/\/www.kureeri.fi\/WordPress1\/index.php?rest_route=\/wp\/v2\/pages"}],"about":[{"href":"http:\/\/www.kureeri.fi\/WordPress1\/index.php?rest_route=\/wp\/v2\/types\/page"}],"author":[{"embeddable":true,"href":"http:\/\/www.kureeri.fi\/WordPress1\/index.php?rest_route=\/wp\/v2\/users\/1"}],"replies":[{"embeddable":true,"href":"http:\/\/www.kureeri.fi\/WordPress1\/index.php?rest_route=%2Fwp%2Fv2%2Fcomments&post=38"}],"version-history":[{"count":7,"href":"http:\/\/www.kureeri.fi\/WordPress1\/index.php?rest_route=\/wp\/v2\/pages\/38\/revisions"}],"predecessor-version":[{"id":180,"href":"http:\/\/www.kureeri.fi\/WordPress1\/index.php?rest_route=\/wp\/v2\/pages\/38\/revisions\/180"}],"up":[{"embeddable":true,"href":"http:\/\/www.kureeri.fi\/WordPress1\/index.php?rest_route=\/wp\/v2\/pages\/18"}],"wp:attachment":[{"href":"http:\/\/www.kureeri.fi\/WordPress1\/index.php?rest_route=%2Fwp%2Fv2%2Fmedia&parent=38"}],"curies":[{"name":"wp","href":"https:\/\/api.w.org\/{rel}","templated":true}]}}